j - 18. Let z(s) = 3*s - 19. Let w(f) = 6*a(f) - 5*z(f). Let m be w(-6). Let t(r) = r**2 - 4*r + 4. List the prime factors of t(m).
3
Suppose -2*a = -2*l + 10, -2*l - 3*a = 2*l + 15. Suppose u = -l*f - f + 32, 4*u - 94 = -3*f. List the prime factors of f.
2, 17
Let t(w) = w**2 + 2*w + 4. Let q be t(-3). Suppose -14*v - q*v + 3339 = 0. List the prime factors of v.
3, 53
Let v = -438 - -883. List the prime factors of v.
5, 89
Suppose -s + 4*j + 13 = 0, -5*s - 35 = -0*j + 5*j. What are the prime factors of ((-2)/(-5))/(s*3/(-4590))?
2, 3, 17
Suppose 4*o = 2*h + 18, o - 5*h = 4*o - 33. Let r(b) = 3*b**2 - 8*b + 1. What are the prime factors of r(o)?
61
Let q = -647 + 1175. What are the prime factors of q?
2, 3, 11
Let f(z) = 43*z**3 + z**2 + z - 1. Let u be f(-2). Let a = -245 - u. What are the prime factors of a?
2, 7
Let x(m) = m - 6. Let h be x(4). Let p be 3 - h - 2 - 2. What are the prime factors of (-89)/(-5) + p/5?
2, 3
Let u = -3 - -7. Suppose 5*g - u*g = 4. Suppose 4*k - 11 = g*a - 151, 4*a - 2*k - 144 = 0. List the prime factors of a.
37
Let c = 4513 + -2366. What are the prime factors of c?
19, 113
Suppose 20635 = 33*x - 1871. List the prime factors of x.
2, 11, 31
Let g(i) = i**2 - 5*i - 17. Let x be g(8). Suppose -x*d + 5*d = -142. List the prime factors of d.
71
Suppose 3 = -r - 19. Let s = r + 61. List the prime factors of s.
3, 13
Suppose -10*t + 366 + 3024 = 0. List the prime factors of t.
3, 113
Let y(x) = x**3 + 13*x**2 + 4*x - 1. Let d = -30 + 18. Let j be y(d). Suppose i + i - g = j, -g - 48 = -i. What are the prime factors of i?
47
Suppose -107793 = -31*c + 60072. List the prime factors of c.
3, 5, 19
Let c(u) be the third derivative of u**5/30 + 17*u**4/24 + 5*u**3/6 - 15*u**2. What are the prime factors of c(-13)?
2, 61
Let f = -214 + 300. What are the prime factors of f?
2, 43
Suppose t + 32 = -2*j + 158, -2*t + j = -277. What are the prime factors of t?
2, 17
What are the prime factors of ((-546)/(-10))/((-15)/(-350))?
2, 7, 13
Let w be 2/8 - 14/(-8). Suppose -w*x - x = 0. Suppose 3*m - 54 = 3*g, m - 3*g = -x*m + 12. List the prime factors of m.
3, 7
Let r = -204 - -363. Suppose 0 = 9*o - 6*o - r. List the prime factors of o.
53
Let k = -28 + 31. Suppose -7 = -k*m + 5. What are the prime factors of 3 - 1 - -49 - m?
47
Let c = -15 + 20. Suppose c*d - 3 - 7 = 3*a, -4*a = -2*d - 10. List the prime factors of a.
5
Let f(x) = 29*x + 11. Let g be f(4). Let q = g + -83. List the prime factors of q.
2, 11
Let y be 6/(((-12)/(-20))/3). Let g = -2 + y. Let l = 39 - g. What are the prime factors of l?
11
Let w(a) = a**3 - 4*a**2 + 2*a + 9. Let k be w(5). Let o be 4*(1*-4 + 0). Let x = o + k. List the prime factors of x.
2, 7
Suppose -36*u + 32*u + 4917 = 3*k, 3274 = 2*k + 4*u. What are the prime factors of k?
31, 53
Let y = 1693 - 781. List the prime factors of y.
2, 3, 19
List the prime factors of 79724/19 + (-7 - 1).
2, 3, 349
Suppose -b + 2*b = -5*z + 251, 489 = 2*b - 3*z. What are the prime factors of b?
2, 3, 41
Let c = 643 - 348. What are the prime factors of c?
5, 59
Let x be (5/1)/(20/24). Suppose -x*m - 284 = -1022. List the prime factors of m.
3, 41
Suppose -2 = h, 0*v - 5*v - 5*h + 5 = 0. Suppose 0 = b - v*b. Suppose 3*y + 179 = 4*a, -2*a - y = -b*y - 97. List the prime factors of a.
47
Let w(n) = 2*n. Let o(f) = -6 + 4*f - 2*f + 7. Let i(m) = 4*o(m) - 5*w(m). List the prime factors of i(-6).
2
Let l be (-28)/8*(-5 - -3). Suppose 2*s - l*s + 90 = 0. Let a = s + 4. What are the prime factors of a?
2, 11
Let p be ((-77)/(-44))/((-1)/(-44)). Let l be p/(-1*1/1). Let g = -51 - l. List the prime factors of g.
2, 13
Suppose 4*p = 2400 + 1984. List the prime factors of p.
2, 137
Let p(q) = q**3 + 3*q**2 - 48*q - 5. List the prime factors of p(8).
3, 5, 7
What are the prime factors of (640/(35/7))/(5/120)?
2, 3
Let w(a) = -a**3 - 12*a**2 - 13*a - 10. Let v be w(-11). Suppose -8*u + v*u = -24. List the prime factors of (-20)/u*(-30)/(-20).
5
Let i = -98 + 164. Suppose 0 = y - 5*w - 59, 2*y + i - 196 = -2*w. What are the prime factors of y?
2
Let g(f) = -1056*f - 81. List the prime factors of g(-2).
3, 677
Let u(m) = 4*m - m + 2*m**2 + 2*m + 1 - 6*m. Let l be u(1). Suppose 3*v + l*g = 4*v - 35, -v + 35 = -5*g. What are the prime factors of v?
5, 7
Suppose -3*g + 1794 = -0*g. List the prime factors of g.
2, 13, 23
Let z(y) = -y**3 + 12*y**2 + 14*y + 44. List the prime factors of z(10).
2, 3
Suppose 438 = -3*y - 0*y. Let s = -69 - y. List the prime factors of s.
7, 11
What are the prime factors of 12/78 + (-7460)/(-13)?
2, 7, 41
Let m be (-6)/9*(-6)/(-8)*0. Suppose 2*f = m, 2*y + 0*f - 158 = -4*f. What are the prime factors of y?
79
Let k be ((-30)/8)/(10/(-360)). Let r = k - 7. What are the prime factors of r?
2
Suppose 4*q + 1915 = 5*i, -7*i + 3*i = 4*q - 1532. List the prime factors of i.
383
Let d(a) = 2*a**2 - a + 1. Let x be d(2). Let f = x - 5. Let g = 17 - f. List the prime factors of g.
3, 5
Suppose 13*y - 14 = 12*y. What are the prime factors of -1 + (-2 - -6) + y?
17
Suppose 0 = c + 231 - 1029. What are the prime factors of c?
2, 3, 7, 19
Let p(w) = w**3 - 26*w**2 - 6*w + 143. What are the prime factors of p(27)?
2, 5, 71
Let g(d) = -d**2 + 11*d + 17. Let s be g(12). Let x = 151 - s. List the prime factors of x.
2, 73
Let x = 344 + 96. What are the prime factors of x?
2, 5, 11
Let x be (1 + 0)*1 - -49. Suppose 7*z - 3*z = -2*g + x, 65 = 5*z + 2*g. What are the prime factors of z?
3, 5
Let u(t) = t**2 + 30*t - 11. List the prime factors of u(-35).
2, 41
Let a = 53 - 81. Let y = a + 30. Suppose -4*r - 235 = y*g - 7*g, 3*r + 189 = 4*g. What are the prime factors of g?
3, 17
Suppose -5*u + 3*a - 3 = 2*a, -5*u - 9 = -3*a. Suppose 83 = -b + 5*b - l, -b + 2*l + 12 = u. List the prime factors of b.
2, 11
Let o(k) = -72*k - 352. What are the prime factors of o(-42)?
2, 167
Suppose -4*b = -7 + 3, 296 = -3*t + 2*b. Let x = t + 106. List the prime factors of x.
2
What are the prime factors of 64/12 + -5 + 84552/36?
3, 29
Let k = 41 - 14. Suppose -k = -2*i - q, 3*q - 44 + 5 = -3*i. List the prime factors of i.
2, 7
Let u(r) be the second derivative of -r**3 + 15*r**2/2 + 5*r. Let t be u(7). Let k = -6 - t. What are the prime factors of k?
3, 7
Suppose -4*i + 0 = 24. Let t(z) be the second derivative of -z**5/20 - 5*z**4/12 + z**3/2 + 5*z**2 - z. List the prime factors of t(i).
2, 7
Suppose -3*b + 0*b + 15 = 0. Suppose -b*a + j + 1461 = -j, 4*a - 1178 = -3*j. What are the prime factors of a?
293
Suppose 0 = 6*d + 27 - 507. List the prime factors of d.
2, 5
Let k(o) = o**3 - 8*o**2 - o + 315. What are the prime factors of k(0)?
3, 5, 7
Let t be (-2 - 1 - 194)/1. Let a = -56 - t. List the prime factors of a.
3, 47
Let u be 2 + (-3 - -2)*2. Let v = -10 + 16. Suppose u = -c + v*c - 115. What are the prime factors of c?
23
Let n be 2 - (-3 - 6/3). Suppose x - n = -5*o, -4*o = x + x - 8. Suppose -2*k + 2*j = -58, 6*k = x*k - 2*j + 140. List the prime factors of k.
3, 11
Suppose 0 = 4*v + 3*v. Suppose -2*h + 18 + 208 = v. List the prime factors of h.
113
Suppose 0 = -113*y + 108*y + 920. What are the prime factors of y?
2, 23
Suppose -3*x - 5*u = -1042, 2*x - 2*u = 571 + 129. What are the prime factors of x?
349
Suppose -2*m - h = 93, 0*h + 162 = -3*m + 3*h. Let i = 37 - m. List the prime factors of i.
2, 43
What are the prime factors of 31/(-62) + (-13894)/(-4)?
23, 151
Suppose 5*q = -1195 + 70. Let k = -154 - q. List the prime factors of k.
71
Suppose 5*o = -5, 0 - 2 = -x + 2*o. What are the prime factors of x/(0 + -3) - -115?
5, 23
Suppose 3*o - 4752 = -3*w, 0*o + 3159 = 2*w + 5*o. What are the prime factors of w?
3, 23
Let q(s) = s**2 - 4*s - 13. Let j be (-3 + (-10)/(-4))*-16. List the prime factors of q(j).
19
Let c = 60 + -4. List the prime factors of c.
2, 7
Suppose 4*i - 2*i = 12. Suppose z - i = -0. Let g(k) = k**2 - 5. What are the prime factors of g(z)?
31
Let i be (-6)/(((-6)/(-4))/1). Suppose 34 = 2*l + 2*v, 2*l - 32 = -2*v + v. Let d = i + l. What are the prime factors of d?
11
Suppose 2*o - 13 = -3. Suppose -938 = -o*f + y - 237, 4*f - 2*y = 562. List the prime factors of f.
2, 5, 7
Let d be (-2 + 1)*1*-10. What are the prime factors of ((-4)/d - 0) + (-712)/(-5)?
2, 71
Suppose 0 = 5*n - q - 179, 2*n - n = q + 35. Let k = 